remainder when 12194018 is divided by 234500.
18
What is the remainder when 1604291 is divided by 4041?
14
What is the remainder when 3852 is divided by 331?
211
Calculate the remainder when 17893658 is divided by 633.
14
What is the remainder when 3172110 is divided by 506?
502
What is the remainder when 89050 is divided by 7308?
1354
Calculate the remainder when 6454991 is divided by 1223.
1220
What is the remainder when 214118216 is divided by 71372736?
8
What is the remainder when 83420 is divided by 57?
29
Calculate the remainder when 930416 is divided by 40450.
66
What is the remainder when 1154392 is divided by 230869?
47
What is the remainder when 953641 is divided by 5861?
4159
Calculate the remainder when 178322 is divided by 88983.
356
Calculate the remainder when 32490897 is divided by 212.
201
Calculate the remainder when 43254616 is divided by 13.
2
What is the remainder when 41981029 is divided by 152?
149
What is the remainder when 47869382 is divided by 888?
854
Calculate the remainder when 1556061 is divided by 262.
43
Calculate the remainder when 258428338 is divided by 4.
2
What is the remainder when 16450117 is divided by 3503?
29
What is the remainder when 738803 is divided by 6424?
43
What is the remainder when 101448369 is divided by 5072418?
9
What is the remainder when 3468540 is divided by 693700?
40
What is the remainder when 65027 is divided by 4555?
1257
What is the remainder when 6041 is divided by 749?
49
Calculate the remainder when 6548276 is divided by 2438.
2246
What is the remainder when 2702103 is divided by 675417?
435
Calculate the remainder when 178282 is divided by 3935.
1207
Calculate the remainder when 1549423 is divided by 3390.
193
What is the remainder when 50005 is divided by 227?
65
What is the remainder when 223214977 is divided by 3460?
3457
Calculate the remainder when 5136015 is divided by 461.
14
Calculate the remainder when 207222370 is divided by 272661.
10
What is the remainder when 15223977 is divided by 3044794?
7
Calculate the remainder when 26795 is divided by 1129.
828
Calculate the remainder when 111228659 is divided by 76.
75
Calculate the remainder when 18534368 is divided by 158.
20
What is the remainder when 34630193 is divided by 990?
983
What is the remainder when 345815 is divided by 43204?
183
What is the remainder when 6909106 is divided by 480?
466
What is the remainder when 3892460 is divided by 268?
28
Calculate the remainder when 84799124 is divided by 102.
98
What is the remainder when 174166 is divided by 998?
514
Calculate the remainder when 394770 is divided by 8235.
7725
What is the remainder when 1991245 is divided by 536?
5
What is the remainder when 118296 is divided by 321?
168
What is the remainder when 2821272 is divided by 2152?
0
What is the remainder when 169133 is divided by 1859?
1823
Calculate the remainder when 72333400 is divided by 6.
4
What is the remainder when 206493278 is divided by 2196737?
0
What is the remainder when 870675 is divided by 3002?
95
Calculate the remainder when 3050181 is divided by 20.
1
What is the remainder when 11645995 is divided by 2000?
1995
What is the remainder when 2748463 is divided by 249787?
806
Calculate the remainder when 10917 is divided by 3015.
1872
Calculate the remainder when 769952 is divided by 76993.
22
What is the remainder when 34026406 is divided by 52?
50
Calculate the remainder when 70589830 is divided by 840355.
10
Calculate the remainder when 35845859 is divided by 35845796.
63
What is the remainder when 233373 is divided by 1051?
51
What is the remainder when 401060 is divided by 283?
49
Calculate the remainder when 333448 is divided by 111005.
433
Calculate the remainder when 39958 is divided by 616.
534
What is the remainder when 16074842 is divided by 2328?
2
Calculate the remainder when 15903794 is divided by 4574.
4570
Calculate the remainder when 155613 is divided by 158.
141
Calculate the remainder when 63356 is divided by 569.
197
Calculate the remainder when 11134445 is divided by 70.
35
Calculate the remainder when 1547916 is divided by 834.
12
Calculate the remainder when 43038214 is divided by 393.
391
What is the remainder when 68507 is divided by 58?
9
Calculate the remainder when 5011054 is divided by 1252616.
590
Calculate the remainder when 894702 is divided by 550.
402
Calculate the remainder when 40896 is divided by 12850.
2346
What is the remainder when 2908160 is divided by 18642?
8
Calculate the remainder when 50005 is divided by 351.
163
Calculate the remainder when 2890807 is divided by 186.
181
What is the remainder when 306 is divided by 11?
9
What is the remainder when 2273958 is divided by 1207?
1177
Calculate the remainder when 1315249 is divided by 23066.
487
What is the remainder when 5380844 is divided by 15157?
109
What is the remainder when 4880660 is divided by 176?
4
What is the remainder when 62943 is divided by 1260?
1203
What is the remainder when 7740115 is divided by 3111?
3058
What is the remainder when 93379 is divided by 887?
244
What is the remainder when 8098 is divided by 718?
200
What is the remainder when 1315781 is divided by 274?
33
Calculate the remainder when 488912 is divided by 350.
312
Calculate the remainder when 4979459 is divided by 72166.
5
What is the remainder when 135483 is divided by 67?
9
Calculate the remainder when 69122 is divided by 1688.
1602
Calculate the remainder when 554985 is divided by 55498.
5
What is the remainder when 21876848 is divided by 21876840?
8
What is the remainder when 36664911 is divided by 906?
903
Calculate the remainder when 158268 is divided by 11297.
110
What is the remainder when 980642 is divided by 653?
489
Calculate the remainder when 2598414 is divided by 186.
180
Calculate the remainder when 359342 is divided by 44599.
2550
What is the remainder when 340653 is divided by 53?
22
What is the remainder when 581975 is divided by 36?
35
What is the remainder when 3001784 is divided by 3829?
3677
Calculate the remainder when 1494408 is divided by 467.
8
What is the remainder when 737648 is divided by 189?
170
What is the remainder when 68950 is divided by 3484?
2754
What is the remainder when 349654 is divided by 2065?
669
What is the remainder when 2400506 is divided by 735?
731
Calculate the remainder when 97969 is divided by 19575.
94
What is the remainder when 11715545 is divided by 28856?
9
Calculate the remainder when 19630 is divided by 4849.
234
Calculate the remainder when 8980152 is divided by 4956.
4836
What is the remainder when 139853 is divided by 1989?
623
What is the remainder when 10445373 is divided by 94?
93
Calculate the remainder when 11106487 is divided by 16.
7
Calculate the remainder when 95452 is divided by 463.
74
What is the remainder when 612215 is divided by 19?
16
Calculate the remainder when 434233 is divided by 108551.
29
What is the remainder when 9778246 is divided by 14110?
16
What is the remainder when 119252582 is divided by 32?
6
What is the remainder when 202015 is divided by 1906?
1885
What is the remainder when 75048353 is divided by 46?
43
Calculate the remainder when 4890627 is divided by 5596.
5319
What is the remainder when 78493 is divided by 2282?
905
Calculate the remainder when 414286 is divided by 126.
124
Calculate the remainder when 73737 is divided by 444.
33
Calculate the remainder when 11882233 is divided by 1193.
1146
Calculate the remainder when 866232 is divided by 150.
132
Calculate the remainder when 1458620 is divided by 249.
227
Calculate the remainder when 1288458 is divided by 429437.
147
What is the remainder when 261647 is divided by 52265?
322
What is the remainder when 1196291 is divided by 79?
73
Calculate the remainder when 37681 is divided by 12560.
1
What is the remainder when 234181 is divided by 39017?
79
Calculate the remainder when 1242828 is divided by 57.
0
Calculate the remainder when 29658043 is divided by 17.
13
What is the remainder when 188864 is divided by 478?
54
What is the remainder when 242442 is divided by 18636?
174
What is the remainder when 81816032 is divided by 29?
14
Calculate the remainder when 494610 is divided by 37973.
961
What is the remainder when 6714829 is divided by 443?
278
What is the remainder w